5013
Convert -238a10 (base 13) to base 3.
-1121001121200
What is 12200210122 (base 3) in base 14?
2cc09
Convert -20243114 (base 5) to base 8.
-503041
Convert 16548 (base 10) to base 12.
96b0
Convert -323366 (base 9) to base 5.
-22132014
21212112210010 (base 3) to base 4
33331120110
What is -70925 (base 11) in base 2?
-11001010010110011
-1000101111110101001000 (base 2) to base 8
-10576510
Convert 27740671 (base 9) to base 8.
64270722
What is -342b25 (base 12) in base 13?
-232ac0
Convert -106090 (base 10) to base 8.
-317152
Convert 100130202300 (base 4) to base 13.
b7c420
Convert 10101000110101010110100 (base 2) to base 10.
5532340
-22a8ab (base 13) to base 10
-823171
What is 3434451 (base 7) in base 3?
210210110020
What is 996b39 (base 12) in base 11?
1415873
Convert -35a7b (base 16) to base 15.
-451b6
What is 11011110010011 (base 2) in base 7?
56323
-19058 (base 11) to base 15
-7d8d
What is -1210101120102 (base 3) in base 11?
-5a0690
Convert 10212102202210 (base 3) to base 11.
1184459
What is 161469 (base 10) in base 4?
213122331
39a882 (base 11) to base 8
2315052
134351054 (base 6) to base 7
32153662
-93443 (base 10) to base 8
-266403
Convert 203457 (base 10) to base 9.
340073
What is -21023033 (base 4) in base 9?
-56488
547902a (base 11) to base 8
44536173
What is -1210113100 (base 4) in base 13?
-115162
-3aa895 (base 12) to base 6
-32501505
Convert 412430551 (base 6) to base 3.
111102002021211
Convert 10781845 (base 10) to base 6.
1023031541
-16817 (base 9) to base 5
-332344
What is -2a323 (base 12) in base 15?
-12826
What is -34123 (base 13) in base 3?
-11210212021
Convert -78dd45 (base 15) to base 16.
-580142
-2665084 (base 11) to base 3
-22122220112022
12304025 (base 7) to base 3
2002102112022
What is 70a69 (base 11) in base 14?
29b64
Convert 4262130 (base 7) to base 5.
113104442
Convert 323928 (base 13) to base 2.
100011111111000001011
2222020221000 (base 3) to base 10
1579689
Convert -acdbdd (base 14) to base 11.
-335473a
-10564116 (base 8) to base 13
-621386
Convert 82990 (base 16) to base 5.
114104203
Convert -351672 (base 8) to base 9.
-202222
406204 (base 8) to base 5
13244101
-11202110112 (base 3) to base 10
-93650
Convert 32204616 (base 8) to base 5.
3230234401
Convert 116b6 (base 13) to base 4.
13302301
What is 2133112 (base 5) in base 2?
1000111100110001
Convert -604622 (base 12) to base 10.
-1500794
Convert 1100110001111101000010 (base 2) to base 9.
6265717
What is 42345045 (base 6) in base 8?
4573065
-129eae (base 15) to base 11
-560a03
What is 31243415 (base 6) in base 2?
11011101101011100011
What is 103211002 (base 4) in base 7?
452542
What is 11110100011010011010 (base 2) in base 4?
3310122122
What is -6e84 (base 15) in base 7?
-125404
Convert 1000101100110010110110 (base 2) to base 13.
61b0b1
2e3dd (base 15) to base 3
21120220201
Convert 3247522 (base 12) to base 10.
9551402
Convert 760104 (base 8) to base 13.
8b810
-1024055 (base 6) to base 8
-141743
What is 115cde (base 15) in base 9?
1504222
Convert -180734 (base 12) to base 3.
-210010022211
Convert 80912 (base 10) to base 16.
13c10
Convert -176636 (base 9) to base 5.
-12003434
What is b3273 (base 12) in base 6?
5001423
Convert 68a22 (base 11) to base 10.
99728
-10102110221101 (base 3) to base 7
-21320623
Convert -1110100100010010010100 (base 2) to base 4.
-32210102110
1312220 (base 8) to base 10
365712
-222200220012021 (base 3) to base 11
-8011783
What is 31350213 (base 6) in base 14?
19bd3b
Convert 111110011100011001111010 (base 2) to base 15.
168524e
What is 1010210210 (base 3) in base 7?
122322
Convert -30242244 (base 5) to base 9.
-410848
Convert 2b591 (base 16) to base 10.
177553
What is 1212120200120 (base 3) in base 13?
28b207
12100202100202 (base 3) to base 8
12674653
Convert 28900a (base 11) to base 5.
103414334
What is -2102003100 (base 4) in base 12?
-24a240
114712 (base 12) to base 7
2234021
What is 363227 (base 9) in base 8?
653407
What is -1100000000001111 (base 2) in base 4?
-30000033
What is 37774 (base 9) in base 8?
61514
What is 113423201 (base 6) in base 11?
1228293
-111000111010110110 (base 2) to base 15
-4912c
21b7212 (base 12) to base 4
120221131232
Convert 1133204400 (base 5) to base 12.
a6b08a
13103023 (base 5) to base 11
88610
What is -eaa469 (base 15) in base 9?
-23017400
What is 143155003 (base 6) in base 15?
3d56cc
20012211002011 (base 3) to base 13
8b8640
43253134 (base 6) to base 8
4710622
884c56 (base 14) to base 11
2678632
What is 30875 (base 13) in base 14?
23a79
Convert -1b7bc9 (base 13) to base 2.
-10101011100110010011
-11292a (base 16) to base 9
-2103651
What is -10928 (base 14) in base 15?
-bdb1
Convert 22102011221 (base 3) to base 9.
272157
Convert 3202222113 (base 4) to base 3.
1202011112110
What is 1402412 (base 5) in base 16?
6f42
What is 101000011101101101 (base 2) in base 14?
44589
-244b77 (base 12) to base 16
-8fd8b
Convert -1568292 (base 10) to base 9.
-2850256
130032 (base 8) to base 9
67751
Convert -25a573 (base 14) to base 12.
-526189
What is 93817 (base 10) in base 4?
112321321
Convert -2202210000 (base 3) to base 10.
-54513
-1d0ca5 (base 16) to base 6
-104445445
What is 1002222222202 (base 3) in base 16?
90293
What is 1211110012 (base 3) in base 9?
54405
-26241767 (base 8) to base 16
-5943f7
2066065 (base 8) to base 16
86c35
Convert -35654620 (base 8) to base 4.
-131311212100
What is 1c752c (base 15) in base 6?
45454523
Convert -450044013 (base 6) to base 15.
-aa7286
23937 (base 13) to base 6
1222120
1010111111101 (base 2) to base 5
140004
What is -9d903 (base 14) in base 11?
-241989
430051 (base 6) to base 5
2110043
324660 (base 10) to base 13
b4a0b
What is 3050104 (base 7) in base 4?
1121013031
-6095842 (base 10) to base 12
-205b82a
101111030 (base 4) to base 3
10121101012
Convert -1214555 (base 6) to base 16.
-fc47
Convert -99468 (base 10) to base 14.
-2836c
2030101231 (base 4) to base 12
238611
Convert -62c336 (base 16) to base 6.
-350421142
-2a942 (base 13) to base 10
-80667
2700767 (base 11) to base 7
54464145
Convert -11a1 (base 16) to base 13.
-2092
10000110011110000010111 (base 2) to base 11
253a573
Convert 1034443 (base 8) to base 5.
32324041
708314 (base 10) to base 16
aceda
-40330 (base 13) to base 14
-2db94
2104460 (base 7) to base 14
68667
What is -1102130321 (base 4) in base 5?
-41301341
What is -3858228 (base 9) in base 10?
-2105540
Convert 215ec (base 15) to base 6.
2134340
Convert -5c3a6 (base 15) to base 11.
-191258
-501737 (base 8) to base 12
-7b47b
Convert -338c97 (base 16) to base 14.
-63d251
-10000111010111110 (base 2) to base 3
-10112002001
101011011010001100 (base 2) to base 9
300810
2150 (base 8) to base 12
7a0
Convert 1001101000001011 (base 2) to base 5.
2230220
Convert -514940 (base 10) to base 12.
-209bb8
What is 2504232 (base 6) in base 3?
20202122102
2d7449 (base 14) to base 8
6053351
What is -19731b (base 12) in base 5?
-103314012
Convert -210233333 (base 4) to base 3.
-21122111002
-41063 (base 16) to base 8
-1010143
What is 1325a (base 11) in base 5?
1101231
Convert 78740 (base 13) to base 11.
13a383
21122220022212 (base 3) to base 15
5569a8
What is -1672c9 (base 13) in base 5?
-120333131
What is -125594 (base 14) in base 12?
-264352
Convert 2719482 (base 11) to base 8.
21727111
110300112330 (base 4) to base 2
10100110000010110111100
What is 11010221102 (base 3) in base 5?
10102410
1051450 (base 6) to base 8
150426
-17767e (base 15) to base 13
-30b495
a9c6b7 (base 14) to base 16
57dd29
What is -12124400 (base 5) in base 14?
-2d95c
What is -6c338d (base 15) in base 8?
-23572633
Convert 100200220201010 (base 3) to base 11.
2a01264
Convert -34151145 (base 7) to base 6.
-143400050
What is 2a326 (base 14) in base 3?
12022212222
Convert -47cd7 (base 16) to base 5.
-33402403
285cc (base 13) to base 9
124763
112000000021 (base 3) to base 12
113581
Convert -1183664 (base 9) to base 5.
-131130314
Convert 11100100111000100101100 (base 2) to base 13.
1727a1c
What is -42557 (base 10) in base 4?
-22120331
-1435403335 (base 6) to base 15
-188908b
1044021 (base 7) to base 5
13104030
Convert 22332001200 (base 4) to base 2.
1010111110000001100000
121301230 (base 4) to base 16
19c6c
Convert 1a6163 (base 13) to base 7.
5461221
Convert 29a4c (base 15) to base 6.
2512043
What is -1007333 (base 11) in ba